{"id":1740,"date":"2024-08-27T14:26:14","date_gmt":"2024-08-27T12:26:14","guid":{"rendered":"https:\/\/ief-saarbruecken.eu\/fr\/events\/epreuves-dentrainement-delf-dalf-tout-public\/"},"modified":"2024-09-30T13:35:29","modified_gmt":"2024-09-30T11:35:29","slug":"epreuves-dentrainement-delf-dalf-tout-public","status":"publish","type":"ajde_events","link":"https:\/\/ief-saarbruecken.eu\/fr\/events\/epreuves-dentrainement-delf-dalf-tout-public\/","title":{"rendered":"\u00c9preuves d\u2019entra\u00eenement DELF-DALF tout public"},"content":{"rendered":"<!-- wp:themify-builder\/canvas \/-->\n\n\n<p><strong>18-19\/10\/2024<\/strong><\/p>\n\n\n\n<p><strong>\u00c9preuves d\u2019entra\u00eenement DELF-DALF tout public<\/strong><\/p>\n\n\n\n<p><em>IEF | Villa Europa | Kohlweg 7 | 66123 Saarbr\u00fccken<\/em><\/p>\n\n\n\n<p>Comment se familiariser aux \u00e9preuves du DELF-DALF et mieux se pr\u00e9parer \u00e0 la situation d\u2019examen pour une passation en toute s\u00e9r\u00e9nit\u00e9 ? <\/p>\n\n\n\n<p>L\u2019IEF propose des \u00e9preuves d\u2019entra\u00eenement cibl\u00e9es sur les comp\u00e9tences r\u00e9ceptives. Les r\u00e9sultats, communiqu\u00e9s rapidement, permettent ainsi aux candidat.e.s de conna\u00eetre leur niveau avant de s\u2019inscrire d\u00e9finitivement aux \u00e9preuves officielles.<\/p>\n\n\n\n<p><strong>Les inscriptions sont possibles jusqu\u2019au <mark style=\"background-color:rgba(0, 0, 0, 0);color:#ea0808\" class=\"has-inline-color\">11\/10\/2024<\/mark>.<\/strong><\/p>\n\n\n\n<p>Pour plus d\u2019informations, rendez-vous sur notre site internet :<br><a href=\"https:\/\/ief-saarbruecken.eu\/fr\/certifications-delf-dalf\/preparation-aux-examens\/\"><strong>https:\/\/ief-saarbruecken.eu\/fr\/certifications-delf-dalf\/preparation-aux-examens\/<\/strong><\/a><\/p>\n\n\n\n<p><br><br><br><\/p>\n","protected":false},"author":7,"featured_media":1820,"menu_order":0,"comment_status":"open","ping_status":"closed","template":"","meta":[],"tags":[87,89,88],"event_type":[57],"event_type_2":[],"class_list":["post-1740","ajde_events","type-ajde_events","status-publish","has-post-thumbnail","hentry","tag-delf-dalf","tag-entrainement","tag-epreuves","event_location-sprachenzentrum-der-universitaet-des-saarlandes","event_type-sprache","has-post-title","has-post-date","has-post-category","has-post-tag","has-post-comment","has-post-author",""],"builder_content":"","_links":{"self":[{"href":"https:\/\/ief-saarbruecken.eu\/fr\/wp-json\/wp\/v2\/ajde_events\/1740","targetHints":{"allow":["GET"]}}],"collection":[{"href":"https:\/\/ief-saarbruecken.eu\/fr\/wp-json\/wp\/v2\/ajde_events"}],"about":[{"href":"https:\/\/ief-saarbruecken.eu\/fr\/wp-json\/wp\/v2\/types\/ajde_events"}],"author":[{"embeddable":true,"href":"https:\/\/ief-saarbruecken.eu\/fr\/wp-json\/wp\/v2\/users\/7"}],"replies":[{"embeddable":true,"href":"https:\/\/ief-saarbruecken.eu\/fr\/wp-json\/wp\/v2\/comments?post=1740"}],"wp:featuredmedia":[{"embeddable":true,"href":"https:\/\/ief-saarbruecken.eu\/fr\/wp-json\/wp\/v2\/media\/1820"}],"wp:attachment":[{"href":"https:\/\/ief-saarbruecken.eu\/fr\/wp-json\/wp\/v2\/media?parent=1740"}],"wp:term":[{"taxonomy":"post_tag","embeddable":true,"href":"https:\/\/ief-saarbruecken.eu\/fr\/wp-json\/wp\/v2\/tags?post=1740"},{"taxonomy":"event_type","embeddable":true,"href":"https:\/\/ief-saarbruecken.eu\/fr\/wp-json\/wp\/v2\/event_type?post=1740"},{"taxonomy":"event_type_2","embeddable":true,"href":"https:\/\/ief-saarbruecken.eu\/fr\/wp-json\/wp\/v2\/event_type_2?post=1740"}],"curies":[{"name":"wp","href":"https:\/\/api.w.org\/{rel}","templated":true}]}}

Épreuves d’entraînement DELF-DALF tout public

<!-- wp:themify-builder/canvas /-->


<p><strong>18-19/10/2024</strong></p>



<p><strong>Épreuves d’entraînement DELF-DALF tout public</strong></p>



<p><em>IEF | Villa Europa | Kohlweg 7 | 66123 Saarbrücken</em></p>



<p>Comment se familiariser aux épreuves du DELF-DALF et mieux se préparer à la situation d’examen pour une passation en toute sérénité ? </p>



<p>L’IEF propose des épreuves d’entraînement ciblées sur les compétences réceptives. Les résultats, communiqués rapidement, permettent ainsi aux candidat.e.s de connaître leur niveau avant de s’inscrire définitivement aux épreuves officielles.</p>



<p><strong>Les inscriptions sont possibles jusqu’au <mark style="background-color:rgba(0, 0, 0, 0);color:#ea0808" class="has-inline-color">11/10/2024</mark>.</strong></p>



<p>Pour plus d’informations, rendez-vous sur notre site internet :<br><a href="https://ief-saarbruecken.eu/fr/certifications-delf-dalf/preparation-aux-examens/"><strong>https://ief-saarbruecken.eu/fr/certifications-delf-dalf/preparation-aux-examens/</strong></a></p>



<p><br><br><br></p>
